{"id":477,"date":"2020-05-03T11:30:00","date_gmt":"2020-05-03T11:30:00","guid":{"rendered":"http:\/\/la-mise-en-image-du-rebut.societes-urbaines-et-dechets.org\/?page_id=477"},"modified":"2020-05-07T10:38:52","modified_gmt":"2020-05-07T10:38:52","slug":"credits","status":"publish","type":"page","link":"http:\/\/la-mise-en-image-du-rebut.societes-urbaines-et-dechets.org\/?page_id=477","title":{"rendered":"Cr\u00e9dits"},"content":{"rendered":"\n<p>La premi\u00e8re version de l\u2019exposition <em>La mise en image du rebut<\/em> a \u00e9t\u00e9 produite avec le soutien de la Maison des Sciences de l\u2019Homme Val de Loire et du laboratoire CITERES (UMR 7324, Universit\u00e9 de Tours et CNRS). <\/p>\n\n\n\n<p><strong>Cette version \u00e9lectronique est d\u00e9velopp\u00e9e par <a href=\"http:\/\/www.bab-el-louk.org\/\" target=\"_blank\" rel=\"noreferrer noopener\">Pascal Garret<\/a> avec un financement de l\u2019Agence Fran\u00e7aise de D\u00e9veloppement (AFD)<\/strong> dans le cadre de sa formation \u201cGestion des d\u00e9chets, vers une approche globale, progressive, et inclusive\u201c. Nous remercions plus particuli\u00e8rement Xavier Brusseau, Chef de projet \u00e0 l\u2019AFD.<\/p>\n\n\n\n<p>   <\/p>\n\n\n\n<div class=\"wp-block-image\"><figure class=\"aligncenter size-large is-resized\"><img decoding=\"async\" src=\"http:\/\/la-mise-en-image-du-rebut.societes-urbaines-et-dechets.org\/wp-content\/uploads\/2020\/05\/Logos_soutiens-1024x698.jpg\" alt=\"\" class=\"wp-image-478\" width=\"800\" srcset=\"http:\/\/la-mise-en-image-du-rebut.societes-urbaines-et-dechets.org\/wp-content\/uploads\/2020\/05\/Logos_soutiens-1024x698.jpg 1024w, http:\/\/la-mise-en-image-du-rebut.societes-urbaines-et-dechets.org\/wp-content\/uploads\/2020\/05\/Logos_soutiens-300x205.jpg 300w, http:\/\/la-mise-en-image-du-rebut.societes-urbaines-et-dechets.org\/wp-content\/uploads\/2020\/05\/Logos_soutiens-768x524.jpg 768w, http:\/\/la-mise-en-image-du-rebut.societes-urbaines-et-dechets.org\/wp-content\/uploads\/2020\/05\/Logos_soutiens-1536x1047.jpg 1536w, http:\/\/la-mise-en-image-du-rebut.societes-urbaines-et-dechets.org\/wp-content\/uploads\/2020\/05\/Logos_soutiens.jpg 1600w\" sizes=\"(max-width: 1024px) 100vw, 1024px\" \/><\/figure><\/div>\n","protected":false},"excerpt":{"rendered":"","protected":false},"author":1,"featured_media":0,"parent":0,"menu_order":0,"comment_status":"closed","ping_status":"closed","template":"","meta":{"footnotes":""},"class_list":["post-477","page","type-page","status-publish"],"_links":{"self":[{"href":"http:\/\/la-mise-en-image-du-rebut.societes-urbaines-et-dechets.org\/index.php?rest_route=\/wp\/v2\/pages\/477","targetHints":{"allow":["GET"]}}],"collection":[{"href":"http:\/\/la-mise-en-image-du-rebut.societes-urbaines-et-dechets.org\/index.php?rest_route=\/wp\/v2\/pages"}],"about":[{"href":"http:\/\/la-mise-en-image-du-rebut.societes-urbaines-et-dechets.org\/index.php?rest_route=\/wp\/v2\/types\/page"}],"author":[{"embeddable":true,"href":"http:\/\/la-mise-en-image-du-rebut.societes-urbaines-et-dechets.org\/index.php?rest_route=\/wp\/v2\/users\/1"}],"replies":[{"embeddable":true,"href":"http:\/\/la-mise-en-image-du-rebut.societes-urbaines-et-dechets.org\/index.php?rest_route=%2Fwp%2Fv2%2Fcomments&post=477"}],"version-history":[{"count":4,"href":"http:\/\/la-mise-en-image-du-rebut.societes-urbaines-et-dechets.org\/index.php?rest_route=\/wp\/v2\/pages\/477\/revisions"}],"predecessor-version":[{"id":576,"href":"http:\/\/la-mise-en-image-du-rebut.societes-urbaines-et-dechets.org\/index.php?rest_route=\/wp\/v2\/pages\/477\/revisions\/576"}],"wp:attachment":[{"href":"http:\/\/la-mise-en-image-du-rebut.societes-urbaines-et-dechets.org\/index.php?rest_route=%2Fwp%2Fv2%2Fmedia&parent=477"}],"curies":[{"name":"wp","href":"https:\/\/api.w.org\/{rel}","templated":true}]}}