{"id":66,"date":"2020-04-29T09:31:39","date_gmt":"2020-04-29T09:31:39","guid":{"rendered":"http:\/\/la-mise-en-image-du-rebut.societes-urbaines-et-dechets.org\/?page_id=66"},"modified":"2020-04-30T08:29:07","modified_gmt":"2020-04-30T08:29:07","slug":"sud","status":"publish","type":"page","link":"http:\/\/la-mise-en-image-du-rebut.societes-urbaines-et-dechets.org\/?page_id=66","title":{"rendered":"SUD"},"content":{"rendered":"\n<p>Le r\u00e9seau de recherche <em>Soci\u00e9t\u00e9s Urbaines et D\u00e9chets<\/em> (SUD) s&rsquo;inscrit dans le champ des sciences sociales et s&rsquo;int\u00e9resse aux d\u00e9chets en tant que r\u00e9v\u00e9lateurs de dynamiques plus larges touchant les soci\u00e9t\u00e9s urbaines et les interrogeant sur les rapports que celles-ci entretiennent avec leurs rebuts. SUD rassemble des chercheurs de nationalit\u00e9s diff\u00e9rentes, d\u2019horizons disciplinaires distincts, d\u2019institutions diverses qui travaillent sur des terrains tr\u00e8s vari\u00e9s, situ\u00e9s dans le monde entier.<\/p>\n\n\n\n<p>Contacts\u00a0: <a href=\"mailto:claudia.cirelli@univ-tours.fr\">claudia.cirelli@univ-tours.fr<\/a> ou <a href=\"mailto:benedicte.florin@univ-tours.fr\">benedicte.florin@univ-tours.fr<\/a><\/p>\n\n\n\n<p><\/p>\n\n\n\n<div class=\"wp-block-image\"><figure class=\"aligncenter size-large\"><img loading=\"lazy\" decoding=\"async\" width=\"321\" height=\"288\" src=\"http:\/\/la-mise-en-image-du-rebut.societes-urbaines-et-dechets.org\/wp-content\/uploads\/2020\/04\/Logo_SUD.jpg\" alt=\"\" class=\"wp-image-47\" srcset=\"http:\/\/la-mise-en-image-du-rebut.societes-urbaines-et-dechets.org\/wp-content\/uploads\/2020\/04\/Logo_SUD.jpg 321w, http:\/\/la-mise-en-image-du-rebut.societes-urbaines-et-dechets.org\/wp-content\/uploads\/2020\/04\/Logo_SUD-300x269.jpg 300w\" sizes=\"auto, (max-width: 321px) 100vw, 321px\" \/><\/figure><\/div>\n\n\n\n<p><br>Le r\u00e9seau SUD rassemble des chercheurs de nationalit\u00e9s, institutions et disciplines diverses qui travaillent sur des terrains situ\u00e9s dans le monde entier et s\u2019appuie sur un <a rel=\"noreferrer noopener\" href=\"http:\/\/sud.hypotheses.org\" target=\"_blank\">Carnet de recherche publi\u00e9 sur le site Hypoth\u00e8ses.org.<\/a><\/p>\n\n\n\n<div class=\"wp-block-image\"><figure class=\"aligncenter size-large\"><img loading=\"lazy\" decoding=\"async\" width=\"280\" height=\"204\" src=\"http:\/\/la-mise-en-image-du-rebut.societes-urbaines-et-dechets.org\/wp-content\/uploads\/2020\/04\/Carnet_SUD.jpg\" alt=\"\" class=\"wp-image-165\"\/><\/figure><\/div>\n\n\n\n<p><br>Une partie de ses membres a contribu\u00e9 \u00e0 l\u2019ouvrage <em><a href=\"https:\/\/pufr-editions.fr\/produit\/societes-urbaines-et-dechets\/\" target=\"_blank\" rel=\"noreferrer noopener\">Soci\u00e9t\u00e9s Urbaines et D\u00e9chets. \u00c9clairages internationaux<\/a><\/em> (dir. C. Cirelli et B. Florin, PUFR, Tours, 2015).<\/p>\n\n\n\n<div class=\"wp-block-image\"><figure class=\"aligncenter size-large\"><img loading=\"lazy\" decoding=\"async\" width=\"280\" height=\"424\" src=\"http:\/\/la-mise-en-image-du-rebut.societes-urbaines-et-dechets.org\/wp-content\/uploads\/2020\/04\/Livre_SUD.jpg\" alt=\"\" class=\"wp-image-166\" srcset=\"http:\/\/la-mise-en-image-du-rebut.societes-urbaines-et-dechets.org\/wp-content\/uploads\/2020\/04\/Livre_SUD.jpg 280w, http:\/\/la-mise-en-image-du-rebut.societes-urbaines-et-dechets.org\/wp-content\/uploads\/2020\/04\/Livre_SUD-198x300.jpg 198w\" sizes=\"auto, (max-width: 280px) 100vw, 280px\" \/><\/figure><\/div>\n","protected":false},"excerpt":{"rendered":"","protected":false},"author":1,"featured_media":0,"parent":0,"menu_order":0,"comment_status":"closed","ping_status":"closed","template":"","meta":{"footnotes":""},"class_list":["post-66","page","type-page","status-publish"],"_links":{"self":[{"href":"http:\/\/la-mise-en-image-du-rebut.societes-urbaines-et-dechets.org\/index.php?rest_route=\/wp\/v2\/pages\/66","targetHints":{"allow":["GET"]}}],"collection":[{"href":"http:\/\/la-mise-en-image-du-rebut.societes-urbaines-et-dechets.org\/index.php?rest_route=\/wp\/v2\/pages"}],"about":[{"href":"http:\/\/la-mise-en-image-du-rebut.societes-urbaines-et-dechets.org\/index.php?rest_route=\/wp\/v2\/types\/page"}],"author":[{"embeddable":true,"href":"http:\/\/la-mise-en-image-du-rebut.societes-urbaines-et-dechets.org\/index.php?rest_route=\/wp\/v2\/users\/1"}],"replies":[{"embeddable":true,"href":"http:\/\/la-mise-en-image-du-rebut.societes-urbaines-et-dechets.org\/index.php?rest_route=%2Fwp%2Fv2%2Fcomments&post=66"}],"version-history":[{"count":5,"href":"http:\/\/la-mise-en-image-du-rebut.societes-urbaines-et-dechets.org\/index.php?rest_route=\/wp\/v2\/pages\/66\/revisions"}],"predecessor-version":[{"id":171,"href":"http:\/\/la-mise-en-image-du-rebut.societes-urbaines-et-dechets.org\/index.php?rest_route=\/wp\/v2\/pages\/66\/revisions\/171"}],"wp:attachment":[{"href":"http:\/\/la-mise-en-image-du-rebut.societes-urbaines-et-dechets.org\/index.php?rest_route=%2Fwp%2Fv2%2Fmedia&parent=66"}],"curies":[{"name":"wp","href":"https:\/\/api.w.org\/{rel}","templated":true}]}}

<p>Le réseau de recherche <em>Sociétés Urbaines et Déchets</em> (SUD) s&rsquo;inscrit dans le champ des sciences sociales et s&rsquo;intéresse aux déchets en tant que révélateurs de dynamiques plus larges touchant les sociétés urbaines et les interrogeant sur les rapports que celles-ci entretiennent avec leurs rebuts. SUD rassemble des chercheurs de nationalités différentes, d’horizons disciplinaires distincts, d’institutions diverses qui travaillent sur des terrains très variés, situés dans le monde entier.</p>



<p>Contacts : <a href="mailto:claudia.cirelli@univ-tours.fr">claudia.cirelli@univ-tours.fr</a> ou <a href="mailto:benedicte.florin@univ-tours.fr">benedicte.florin@univ-tours.fr</a></p>



<p></p>



<div class="wp-block-image"><figure class="aligncenter size-large"><img loading="lazy" decoding="async" width="321" height="288" src="http://la-mise-en-image-du-rebut.societes-urbaines-et-dechets.org/wp-content/uploads/2020/04/Logo_SUD.jpg" alt="" class="wp-image-47" srcset="http://la-mise-en-image-du-rebut.societes-urbaines-et-dechets.org/wp-content/uploads/2020/04/Logo_SUD.jpg 321w, http://la-mise-en-image-du-rebut.societes-urbaines-et-dechets.org/wp-content/uploads/2020/04/Logo_SUD-300x269.jpg 300w" sizes="auto, (max-width: 321px) 100vw, 321px" /></figure></div>



<p><br>Le réseau SUD rassemble des chercheurs de nationalités, institutions et disciplines diverses qui travaillent sur des terrains situés dans le monde entier et s’appuie sur un <a rel="noreferrer noopener" href="http://sud.hypotheses.org" target="_blank">Carnet de recherche publié sur le site Hypothèses.org.</a></p>



<div class="wp-block-image"><figure class="aligncenter size-large"><img loading="lazy" decoding="async" width="280" height="204" src="http://la-mise-en-image-du-rebut.societes-urbaines-et-dechets.org/wp-content/uploads/2020/04/Carnet_SUD.jpg" alt="" class="wp-image-165"/></figure></div>



<p><br>Une partie de ses membres a contribué à l’ouvrage <em><a href="https://pufr-editions.fr/produit/societes-urbaines-et-dechets/" target="_blank" rel="noreferrer noopener">Sociétés Urbaines et Déchets. Éclairages internationaux</a></em> (dir. C. Cirelli et B. Florin, PUFR, Tours, 2015).</p>



<div class="wp-block-image"><figure class="aligncenter size-large"><img loading="lazy" decoding="async" width="280" height="424" src="http://la-mise-en-image-du-rebut.societes-urbaines-et-dechets.org/wp-content/uploads/2020/04/Livre_SUD.jpg" alt="" class="wp-image-166" srcset="http://la-mise-en-image-du-rebut.societes-urbaines-et-dechets.org/wp-content/uploads/2020/04/Livre_SUD.jpg 280w, http://la-mise-en-image-du-rebut.societes-urbaines-et-dechets.org/wp-content/uploads/2020/04/Livre_SUD-198x300.jpg 198w" sizes="auto, (max-width: 280px) 100vw, 280px" /></figure></div>
